16
Calculate the remainder when 636 is divided by 5*14/(-945) + 490/54.
6
Suppose -2 = -f, 7 = -w + 5*f - 10. Let t be (-1)/(-2)*w*2. Calculate the remainder when 30 is divided by 158/14 - (-2)/t.
8
Let o be (28/(-6))/((-20)/90). Let y be o/7 + (-1 - 2). Let h = y + 5. What is the remainder when h is divided by 4?
1
Let o = -14 + 25. Suppose 2*i - 12 = -c, -i + 2*i = -2*c + 24. Calculate the remainder when o is divided by 1*86/c + 4/(-24).
4
Let s(a) = 42*a - 274. Calculate the remainder when 299 is divided by s(7).
19
Let c(i) = -21*i + 156. What is the remainder when c(4) is divided by 26?
20
Suppose 1390 = -32*d + 4750. Calculate the remainder when 225 is divided by d.
15
Let v be 1 + ((-6)/(-1) - -2 - 1). Suppose 0 = -v*l + 370 + 454. What is the remainder when l is divided by 27?
22
Suppose 2*x - 6*x - 9 = 3*u, 0 = 3*u + x. Let w be 24 - 2/(1 + u). Let n = 32 - w. What is the remainder when 13 is divided by n?
4
Suppose 4*i - 1 - 7 = 0. Let v(y) = 0*y - y + 13*y - 1 + i. What is the remainder when v(6) is divided by 25?
23
Suppose 0 = -3*c - 55 + 262. Suppose -27*w = 4*m - 22*w - 38, 0 = 3*m - 2*w - 17. Calculate the remainder when c is divided by m.
6
Let b(z) = z**3 + 6*z**2 - 5*z - 5. What is the remainder when b(-6) is divided by (-168)/(-60)*10/(2 - 0)?
11
Let g(w) = -20*w + 1. Suppose 262 = 22*a - 1498. What is the remainder when a is divided by g(-2)?
39
Let m be ((-57)/(-4))/(15/20). Let a = m + 13. What is the remainder when 124 is divided by a?
28
Suppose -15 = -3*q, 40 = 5*i - 8*q + 6*q. Suppose -y = -14 + i. Suppose -2*h + 4*g + 50 = g, 3*g + 12 = 0. Calculate the remainder when h is divided by y.
3
Let x = 126 + -124. Suppose -x*c + 138 = -70. What is the remainder when c is divided by 27?
23
Suppose 0 = -22*g + 1092 - 36. Calculate the remainder when g is divided by 29.
19
Suppose 0 = -4*x + 25 - 9. Calculate the remainder when 92 is divided by x + 7/((-28)/(-48)).
12
Let t = 2372 - -2. What is the remainder when t is divided by 88?
86
Let o(v) be the third derivative of 5*v**4/24 - v**3/2 + 6*v**2. What is the remainder when 137 is divided by o(2)?
4
Suppose -3*m - 3*r + 63 = 0, -6*m + r + 15 = -5*m. Suppose -4*b = -18 - 10. Calculate the remainder when m is divided by b.
4
Suppose 0 = 13*d - 8*d + 155. Let f = d - -61. Suppose -5*c + 55 = -4*o, -c + 11 = -4*o + 6*o. What is the remainder when f is divided by c?
8
Let w be (25/(-10))/((-2)/4). Suppose -3*g + 10 = c - 1, 5*g = w*c - 115. Suppose c = -f + 2*f. What is the remainder when f is divided by 11?
9
Suppose 0 = -y - 4*u + 17, 0*y + 5*y = u + 85. Calculate the remainder when 95 is divided by y.
10
Suppose -404 = -h - f, -37*f = 5*h - 34*f - 2018. What is the remainder when h is divided by 82?
75
Let b(d) = d**2. Let x be b(-1). Let u be -54 + 3 - 0/x. Let o = -29 - u. What is the remainder when 85 is divided by o?
19
Let j = 24 - 22. Suppose -2*v + j*m = -7*v + 49, -4*m - 19 = -3*v. What is the remainder when -3*3*(-52)/18 is divided by v?
8
Suppose 122*h - 124*h = -210. What is the remainder when h is divided by 28?
21
Suppose 0 = -3*c + 3*r + 174, 9*c + 3*r - 116 = 7*c. What is the remainder when c is divided by 32?
26
Let x be (-24 - -27)/(1*-1). Calculate the remainder when (429/(-4))/x - 3/4 is divided by 10.
5
Suppose -3*b - 3 = -9. Suppose 4*d + 29 = -4*u + 149, 3*d - b*u - 115 = 0. What is the remainder when 102 is divided by d?
32
Suppose 0 = 3*s - 15, -2*j - 2*s + s + 341 = 0. What is the remainder when j is divided by 41?
4
Let o(i) = i**2 + 12*i + 9. Let d(s) = 12*s - 2. Let g be d(-3). Let p = g + 53. What is the remainder when p is divided by o(-12)?
6
Suppose -9*u + 240 = -11*u. Let s = u - -147. Suppose 3*k = -2*a + 17, 0 = -3*a + 5*k + 17 - 1. Calculate the remainder when s is divided by a.
6
Let m be (0 - (-108)/15)*5. Let s = -14 + m. Calculate the remainder when 61 is divided by s.
17
Let r = 1911 - 1755. What is the remainder when r is divided by 80?
76
Let u(w) = w**3 - 7*w**2 + 10*w + 1. Suppose 2*p + 43 = o, o + 88*p - 92*p - 49 = 0. Calculate the remainder when u(8) is divided by o.
34
Let s(t) = -18*t - 168. Calculate the remainder when 135 is divided by s(-12).
39
Let i = -455 - -492. Calculate the remainder when i is divided by (24/20)/((-6)/(-40)).
5
Suppose 4*s - 214 = 218. Calculate the remainder when 215 is divided by s.
107
What is the remainder when -1 - (-135)/2 - 93/(-62) is divided by 23?
22
Suppose -p - 20 = -5*p. Suppose 4*i + 2*n - 66 = 4*n, -p*i = n - 65. Calculate the remainder when 2/(-12)*2*-159 is divided by i.
11
Suppose 2*l - 33 = 4*v + v, 5*v - 43 = -2*l. Let q(y) = -35*y - 169. What is the remainder when l is divided by q(-5)?
1
Let r = -1826 + 1904. What is the remainder when r is divided by 19?
2
Let n(c) = 34*c + 3. Let m be n(9). What is the remainder when 3 + (-60)/16 + m/12 is divided by 13?
12
Let v be 24/(-2)*(-52)/6. Suppose 5*x + 4*c = 184, v = 3*x + c + 3*c. Suppose 0 = -5*n + 40 + x. Calculate the remainder when 30 is divided by n.
14
Let s be ((-684)/16)/(4 - (-116)/(-32)). Let i = -105 - s. Calculate the remainder when 22 is divided by i.
4
Suppose 3*u - 93 = 282. Suppose -4*d - d = -u. Suppose 22 = b + 4*v, 16*v - 20 = -2*b + 20*v. Calculate the remainder when d is divided by b.
11
Suppose 1194 = 23*j - 0*j - 1520. Suppose -2*d + 85 = 3*d. What is the remainder when j is divided by d?
16
Let w(v) = 3*v**2 + 6. Suppose 5*b - 87 = 48. Calculate the remainder when b is divided by w(0).
3
Suppose 0*l - 3*l - 3*n = -324, -l = 5*n - 88. Calculate the remainder when l is divided by (-18)/8 + (-385)/(-20).
11
Suppose -85 = -5*s + 115. Suppose 0 = 2*l - x - 32, -l + 4*x + x = -34. Let q = 7 + l. Calculate the remainder when s is divided by q.
19
Let i = 42 - -2. Suppose -6*b - i = -17*b. Calculate the remainder when 9 is divided by b.
1
Suppose 4*k = n + 582, n + n - 296 = -2*k. Let f = -74 + k. Let d = -5652 - -5677. What is the remainder when f is divided by d?
22
Suppose 11*r - 103 - 51 = 0. Calculate the remainder when 94 is divided by r.
10
Let a be ((-12)/10)/(6/(-15)). Suppose -102 = -3*n - a*n. What is the remainder when 49 is divided by n?
15
Let c(o) = o**3 - 2*o**2 + o - 3. Let p = -1 - -5. Let q = -277 - -294. What is the remainder when c(p) is divided by q?
16
Suppose n - 5 = 0, 1 = 5*g - 2*n + 6. Let h be g + -2 - 15/(-3). Suppose 9*r - h*r = 35. What is the remainder when 26 is divided by r?
5
Suppose -25*r + 22*r = -9. Suppose 0 = 2*l - 6, -z + 5 = r*l - 7. Suppose 46 = z*w - 14. Calculate the remainder when 77 is divided by w.
17
Suppose -5*b = 5*a - 75 - 0, -5*b = -3*a - 99. Calculate the remainder when 60 is divided by b.
6
Suppose 7*y - 32 = 3*y. Let t = 13 - y. Let d(o) = 3*o - 1. What is the remainder when 41 is divided by d(t)?
13
Let t(p) = -275*p - 15. Let a be t(-5). Let d be (-18)/(-8)*a/15. Suppose -111 = -5*y + d. What is the remainder when y is divided by 11?
8
Suppose 3*z + 399 = 5*z + 5*c, -z + 4*c + 193 = 0. What is the remainder when z is divided by 87?
23
Let o(p) = -p**2 - 24*p - 2. What is the remainder when 130 is divided by o(-3)?
8
Let w(s) be the first derivative of -s**4/4 + 11*s**3/3 - 9*s**2/2 - 2*s + 14. Calculate the remainder when w(10) is divided by 2.
0
Suppose a = 4*c - 7*c + 28, c = 3*a - 4. Calculate the remainder when 207 is divided by c.
7
Suppose -4*h - 12 = 0, 4*h - 2*h = -3*c + 78. What is the remainder when c is divided by 14?
0
Suppose 4*m - 9*m + 1820 = 0. Let w = m - 240. What is the remainder when w is divided by 21?
19
Let f be (-4)/(-26) - (-60)/(-52). Calculate the remainder when -3 - (46/f + -4) is divided by 27 + 0/(-1) + -2.
22
Let h be -12 - -6 - (-3 + 0). Let j = h + 2. What is the remainder when 31 is divided by 2*17*j/(-2)?
14
Suppose 2*d - 29 = y, 7*y - 2*y + 1 = -2*d. What is the remainder when 15 is divided by d?
3
Let i = 18 - 14. Suppose -8*p = -i*p - 48. What is the remainder when p is divided by 4?
0
Suppose 5*k - 174 = -2*z, -4*k + 5*z + 133 = 7. Suppose 270 - 644 = -17*o. What is the remainder when k is divided by o?
12
Suppose -432 = -2*l - 4*d, -5*l + 22*d + 1064 = 24*d. What is the remainder when l is divided by 43?
40
Let r be (16/12)/(2/(-3)). Let v(t) = -2*t**3 + t**2 - 4*t - 3. What is the remainder when v(r) is divided by